 7
Let j(z) = -z - 12. Let h be j(-6). Suppose 2*w = 16 - 6, 4*w = 2*x + 10. Let d = x - h. What are the prime factors of d?
11
Let z(s) = 2*s**2 - 21. List the prime factors of z(-5).
29
Suppose 0 = -5*o + 3*o + 42. List the prime factors of o.
3, 7
Let s(f) = -2*f - 8. Let y be s(-5). Suppose 0 = 5*d - 2*k - 203, d + 3*d + y*k - 148 = 0. List the prime factors of d.
3, 13
Suppose 0 = -6*w + w + 135. Suppose -2*p + w = -p. List the prime factors of p.
3
Let p(b) = 2*b - 1. Let r be p(-3). Let h(l) = 4*l + 5. Let y(s) = -9*s - 10. Let v(j) = -14*h(j) - 6*y(j). What are the prime factors of v(r)?
2
List the prime factors of (-267)/(-5) + 30/(-75).
53
Suppose 3*w + 5*s = 40, 3*w + 3 + 2 = 4*s. Let n = 23 + w. List the prime factors of n.
2, 7
Suppose 3*m + 2 - 17 = 0. Suppose m*g - 60 - 80 = 0. Suppose 4*p - 3*p = -2*z + 11, 4*p + 4*z - g = 0. What are the prime factors of p?
3
Let j(s) = 2*s**2 - 4*s + 2. Let c be j(2). Suppose 21 = c*r - 1. List the prime factors of r.
11
Let t(u) = u**2 - 9*u + 15. List the prime factors of t(10).
5
Let g(v) = v**3 + 2*v**2 - 3*v. Let f be -5*((-18)/(-15))/2. Let s be g(f). Let p = 11 + s. List the prime factors of p.
11
Let y(m) = m - 3. Let b be y(7). Suppose b*c - 74 = -10. List the prime factors of c.
2
Let u(i) = -i**3 - 6*i**2 - i + 6. What are the prime factors of u(-6)?
2, 3
Suppose -433 - 422 = -5*x. List the prime factors of x.
3, 19
Let z(v) = 2 + 16 - 10*v**2 + v**3 + 2*v + 7*v - 5. What are the prime factors of z(9)?
13
Suppose -b - 2*d = -3*b + 132, 4*d - 280 = -4*b. What are the prime factors of b?
2, 17
Let r = -2 - -4. Suppose 0 = -7*w + r*w - 60. Let u = -1 - w. List the prime factors of u.
11
Let v(f) = -7*f - f**2 + 1 - 1 - 4. Let n(y) = y**3 - 6*y**2 + 5*y - 6. Let w be n(5). List the prime factors of v(w).
2
Let z = 4 + -9. List the prime factors of (-3)/z + 74/10.
2
Let t be 4/18 + (-150)/(-54). Suppose 0 = -t*y + 6*y + 6. List the prime factors of -4 - y - (-1 - 9).
2
Let q(p) = p**3 + 7*p**2 + 4*p + 9. What are the prime factors of q(-6)?
3, 7
Let y(j) = -5*j**2 + 4*j - 5. Let i(u) = -6*u**2 + 5*u - 6. Let c(d) = 4*i(d) - 5*y(d). Let o be c(1). List the prime factors of (1/(o/18))/1.
3
Let h = 12 - 13. What are the prime factors of h/(3 - 174/57)?
19
Let g(x) = x**3 - 6*x**2 - 6*x - 3. Let o = -1 + 8. Let a be g(o). Suppose 2*i - 11 = -3*w, -4*i + 2*i + a*w + 4 = 0. List the prime factors of i.
2
Let j(u) = -u. Suppose 6*c - 2*d = 3*c, 0 = 5*c - 4*d. Suppose -2*p - 12 = p - 3*i, c = 5*p + i + 32. List the prime factors of j(p).
2, 3
Let t = 2 - -4. Suppose 0 = 3*m, 855 = -2*a + m + 57. What are the prime factors of a/(-27) + t/27?
3, 5
What are the prime factors of 1 + -1 + 47/1?
47
Suppose 0*r + 4*r = 2*a - 4, 5*r + 3*a = -5. Let v be (2/5)/(r/5). List the prime factors of (-39)/(-6) - (-1)/v.
2, 3
Let a(q) = -q**2 - 11*q - 5. Suppose -4*h - 4 + 20 = 0. Suppose -o + 35 = -h*s, 0 = -3*s - o - 6 - 22. What are the prime factors of a(s)?
13
Let i = 87 - 56. List the prime factors of i.
31
Let h(m) = -m. Let c(t) = 2*t + 5. Let j(f) = -f**3 - f**2 + 1. Let o be j(1). Let u(a) = o*c(a) - 3*h(a). List the prime factors of u(7).
2
Suppose -46 = -5*n - 2*d, 3*n - 2*d - 36 = d. Suppose -6*o - 224 = -n*o. What are the prime factors of o?
2, 7
Suppose 7*t = 5*t + 20. Let k = 2 + -3. List the prime factors of (t - 1) + 1 + k.
3
Let c(i) = 17*i - 10. What are the prime factors of c(14)?
2, 3, 19
Let t(n) = 16*n**2 + 2*n + 3. What are the prime factors of t(2)?
71
Suppose 0 = 2*j + 2*k - 4, j + 3*k + 2 - 6 = 0. What are the prime factors of (15/6*10)/j?
5
Suppose 4*g - 2*n + 4*n = 1216, n + 1506 = 5*g. List the prime factors of g.
2, 151
Let j(n) = -n**3 + 6*n - 1. Let q be j(4). Let z = q - -68. List the prime factors of z.
3
What are the prime factors of ((-42)/18)/(1/(-3))?
7
Let j = -6 + 8. Suppose 5 = -s + j*s. What are the prime factors of s?
5
Let a(i) = -5*i**2 + 4 - 7*i + 4*i**2 + 3. Let x(m) = -m**2 + 15*m - 6. Let t be x(15). What are the prime factors of a(t)?
13
List the prime factors of 149/(1 + (-3 - -3)).
149
Let l(y) = 14*y - 9*y + 10*y + 13*y. List the prime factors of l(1).
2, 7
Suppose -h - 4*c + 9 = 0, 4 = h + 2*c + 1. Let k = -1 - h. Suppose -d + 41 - 4 = 2*v, k*d + 28 = 2*v. What are the prime factors of v?
17
Suppose 0*k + 354 = 3*k. What are the prime factors of k?
2, 59
Suppose 2*y - 5*y = 6. Let w be y*((-57)/6 - 1). Suppose -d = -4*d + w. List the prime factors of d.
7
Let s = 22 + -15. Let i(y) = 2*y**3 + 2*y - 1. Let n be i(1). What are the prime factors of s/3 + 2/n?
3
Let n(q) = -q**2 + 17*q - 12. What are the prime factors of n(9)?
2, 3, 5
What are the prime factors of (55/(-10) + 5)*-668?
2, 167
Let u(h) = -6*h**3 + h**2 - h + 1. Let p(j) = -12*j**3 + 3*j**2 - j + 3. Let n(s) = -3*p(s) + 7*u(s). What are the prime factors of n(-2)?
2, 23
Let j be 0/(1 + -4) + 64. Suppose -a - a + j = 0. Suppose 4*b - a = 3*w - 81, 5*w + b - 51 = 0. What are the prime factors of w?
11
Let z = -91 - -149. Let l = z + -29. List the prime factors of l.
29
Let r = 8 + -4. Suppose 10 - 26 = -r*f. Suppose -f*q = -5*m + 130, -q + 5*q = -4*m + 68. What are the prime factors of m?
2, 11
Suppose -3*t + i + 87 = 4*i, -3*i + 113 = 4*t. Suppose 4*g - t - 30 = 0. What are the prime factors of 3/2*g/3?
7
Let j(f) = -f**2 - 2*f - 3. Let l be j(-5). What are the prime factors of (-4)/l + 122/18?
7
Let a = 620 - 428. List the prime factors of a.
2, 3
Let m(n) = n**3 + 6*n**2 + 4. Let z be m(-6). Let q be 2/(z/6) + 2. Suppose 0 = 4*l + q*x - 22, -2*x + 0 + 1 = -l. List the prime factors of l.
3
Let s(u) = u**2 - 8*u - 12. Let a be s(10). Let f(p) = p - 4. What are the prime factors of f(a)?
2
Let p = 7 - 11. Let f be (-6)/3 - (p + 2). Suppose 0 = 5*x - f*x - 20. List the prime factors of x.
2
Let d(w) be the first derivative of -w**2 - 5*w - 1. Suppose -6 = m - 4*b + 4, 4*m = -2*b - 22. List the prime factors of d(m).
7
Let q(z) = z + 11. Let a be q(8). Let j = -5 + a. What are the prime factors of j?
2, 7
Let v(g) = 5 - 12*g - 3 - 4. List the prime factors of v(-2).
2, 11
Let s(v) = v**2 - 7*v + 31. List the prime factors of s(9).
7
Let i = 4 + 5. Let c = i - 5. List the prime factors of c.
2
Let k be (-2 - 1) + 12/(-4). Let p = k + 8. What are the prime factors of 3/6 + 27/p?
2, 7
Let k(m) = -m**2 + 2*m - 6. Let h be k(8). Let p be (-12)/h + 79/9. Suppose 4 = -o + p. What are the prime factors of o?
5
Suppose -p + 3*p - 2*t = 198, 2*p + 5*t = 226. What are the prime factors of p?
103
Suppose -4*m = -370 - 46. What are the prime factors of m?
2, 13
Let b(v) = v**3 + 3*v**2 - 2*v - 11. What are the prime factors of b(5)?
179
Suppose -3*p + 40 = p. What are the prime factors of p?
2, 5
Let h(u) = -3*u**3 + 2*u**2 - 6*u + 3. What are the prime factors of h(-3)?
2, 3, 5
Let d(a) = 2*a + 3. Let j(y) = 3*y**2. Let v be j(-1). What are the prime factors of d(v)?
3
Let c be ((-4)/2)/(2/(-5)). Suppose 3*m - w = -2*m - 19, -c*m = w + 21. What are the prime factors of (m - -2)*(-33)/6?
11
Suppose -174 = -3*h + 108. What are the prime factors of h?
2, 47
Let z = 375 + -243. List the prime factors of z.
2, 3, 11
Let u be -1 + (0 - (0 + -5)). Let h = -4 + u. Suppose h = 2*j + 2*j - 44. What are the prime factors of j?
11
Let b = -63 - -96. Suppose -5*a = s - 14 - 19, 4*a = -3*s + b. What are the prime factors of a?
2, 3
Let w = -97 + 141. What are the prime factors of w?
2, 11
Let o = -7 - -10. Let g(a) = a + 4 + 2*a - 3*a**2 - a + a**o. What are the prime factors of g(3)?
2, 5
Suppose 0*y + 3*y = 72. List the prime factors of y.
2, 3
Let l(j) = j + 2. Let v be l(-2). Suppose 0 = x - 2*c - 51, 53 = x - 4*c - v. List the prime factors of x.
7
Let v = 16 - 24. Let c = -6 - v. What are the prime factors of c?
2
Suppose 2*c - 7 - 8 = -5*s, 4*c = -5*s + 55. Suppose c = 4*p, -2*p + 13 = -2*u + 3*p. List the prime factors of ((-15)/u)/((-2)/8).
2, 5
Let k be (-136)/(-40) - (-2)/(-5). Suppose -k*a - 44 = -11. Let w = a + 29. List the prime factors of w.
2, 3
Let f(g) be the second derivative of g**3/2 - 3*g. List the prime factors of f(6).
2, 3
Let j(l) = 2*l + 15. Let y be j(-5). Let p = 48 + y. What are the prime factors of p?
53
Suppose -10 = -t - t. Suppose 0*v + t*v = 0. Suppose -5*w - 4*o + 22 = v, 5*w = 4*o -